135255069?
3, 1973, 2539
List the prime factors of 1088259734.
2, 544129867
What are the prime factors of 38234631?
3, 19, 107, 6269
List the prime factors of 795872445.
3, 5, 487, 108949
List the prime factors of 55291382.
2, 27645691
What are the prime factors of 146213437?
79, 1850803
List the prime factors of 194079683.
7, 43, 644783
List the prime factors of 1796280863.
13, 199, 694349
List the prime factors of 7280601.
3, 37, 107, 613
What are the prime factors of 485397338?
2, 7639, 31771
What are the prime factors of 467015530?
2, 5, 3169, 14737
List the prime factors of 66992111.
3853, 17387
List the prime factors of 626130924.
2, 3, 6619, 7883
What are the prime factors of 3106641637?
11, 59, 1621, 2953
List the prime factors of 67661005.
5, 827, 16363
List the prime factors of 662729811.
3, 31, 7126127
List the prime factors of 526787359.
7, 191, 394007
List the prime factors of 940931561.
31, 30352631
What are the prime factors of 1493282074?
2, 17, 41, 61, 1033
List the prime factors of 864744977.
864744977
What are the prime factors of 106840028?
2, 463, 57689
List the prime factors of 222924935.
5, 1409, 31643
List the prime factors of 14163384.
2, 3, 590141
What are the prime factors of 830186165?
5, 43, 101, 38231
List the prime factors of 119795230.
2, 5, 29, 413087
List the prime factors of 139102642.
2, 7, 31, 320513
List the prime factors of 265429283.
7, 37918469
List the prime factors of 16143780.
2, 3, 5, 269063
List the prime factors of 1055517666.
2, 3, 7, 71, 353963
List the prime factors of 4611490900.
2, 5, 46114909
What are the prime factors of 376845240?
2, 3, 5, 19, 197, 839
What are the prime factors of 6741882019?
6741882019
List the prime factors of 559294827.
3, 7, 13, 2048699
What are the prime factors of 2087105111?
7, 13, 22935221
What are the prime factors of 16008625?
5, 83, 1543
List the prime factors of 95538882.
2, 3, 271, 58757
List the prime factors of 104283933.
3, 13, 17, 157291
List the prime factors of 98615465.
5, 13, 1517161
What are the prime factors of 502708352?
2, 3927409
What are the prime factors of 276443484?
2, 3, 41, 367, 1531
List the prime factors of 2199489010.
2, 5, 401, 548501
What are the prime factors of 159949339?
11, 1103, 13183
List the prime factors of 535488982.
2, 7, 38249213
List the prime factors of 2727444221.
823, 3314027
What are the prime factors of 335099092?
2, 4657, 17989
What are the prime factors of 62121894?
2, 3, 10353649
List the prime factors of 364550991.
3, 7, 71, 139, 1759
What are the prime factors of 2036722994?
2, 1018361497
What are the prime factors of 1980085124?
2, 495021281
What are the prime factors of 917119843?
917119843
What are the prime factors of 3466745795?
5, 19, 2371, 15391
List the prime factors of 44912957.
131, 342847
List the prime factors of 224756533.
224756533
List the prime factors of 13466794.
2, 11, 317, 1931
What are the prime factors of 137142561?
3, 45714187
List the prime factors of 256749948.
2, 3, 7, 13, 181, 433
List the prime factors of 54319869.
3, 283, 7109
What are the prime factors of 2866717584?
2, 3, 71, 199, 1409
What are the prime factors of 262777162?
2, 23, 613, 9319
What are the prime factors of 91965578?
2, 163, 282103
What are the prime factors of 193825456?
2, 11, 71, 15511
List the prime factors of 366099975.
3, 5, 1627111
List the prime factors of 8021228.
2, 103, 19469
What are the prime factors of 503158563?
3, 89, 173, 3631
What are the prime factors of 95706497?
95706497
List the prime factors of 1117737400.
2, 5, 13, 429899
List the prime factors of 251624328.
2, 3, 10484347
What are the prime factors of 37230798?
2, 3, 11, 564103
List the prime factors of 1475748431.
1475748431
What are the prime factors of 1002318469?
167, 6001907
List the prime factors of 2088191983.
179, 431, 27067
List the prime factors of 1083911416.
2, 7, 281, 68881
List the prime factors of 169423647.
3, 7489, 7541
List the prime factors of 24842466.
2, 3, 11, 37, 3391
What are the prime factors of 6015589?
461, 13049
List the prime factors of 3612933568.
2, 17, 1123, 2957
What are the prime factors of 19283493?
3, 6427831
List the prime factors of 50989930.
2, 5, 5098993
List the prime factors of 310814446.
2, 155407223
List the prime factors of 83827869.
3, 27942623
List the prime factors of 2187273140.
2, 5, 13, 1657, 5077
List the prime factors of 33690374.
2, 109, 154543
List the prime factors of 807464822.
2, 403732411
What are the prime factors of 68768476?
2, 7, 101, 24317
What are the prime factors of 972842454?
2, 3, 23, 53, 14779
What are the prime factors of 436247705?
5, 87249541
List the prime factors of 16418325.
3, 5, 7, 11, 2843
What are the prime factors of 474141971?
474141971
List the prime factors of 3249887258.
2, 23, 251, 397, 709
What are the prime factors of 111991640?
2, 5, 2799791
What are the prime factors of 162075810?
2, 3, 5, 13, 157, 2647
List the prime factors of 3431808008.
2, 97, 1373, 3221
List the prime factors of 161355139.
11, 14668649
What are the prime factors of 2144637116?
2, 23, 29, 139, 5783
What are the prime factors of 282320817?
3, 94106939
What are the prime factors of 991651624?
2, 23, 53, 61, 1667
What are the prime factors of 265119672?
2, 3, 11046653
List the prime factors of 972425008.
2, 2129, 28547
What are the prime factors of 396261775?
5, 7, 13, 149, 167
What are the prime factors of 43988371?
7, 137, 45869
List the prime factors of 79366738.
2, 11, 47, 76757
List the prime factors of 838784642.
2, 41, 10229081
List the prime factors of 9881369.
17, 41, 14177
List the prime factors of 546674669.
19, 28772351
List the prime factors of 197072653.
17, 401, 28909
What are the prime factors of 1068193081?
857, 1246433
List the prime factors of 1825127738.
2, 7, 130366267
List the prime factors of 587270293.
23, 31, 199, 4139
List the prime factors of 146405683.
17, 8612099
What are the prime factors of 556548782?
2, 278274391
What are the prime factors of 33022126?
2, 17, 29, 107, 313
List the prime factors of 672573772.
2, 13, 419, 30869
What are the prime factors of 555067674?
2, 3, 7, 907, 1619
List the prime factors of 824747992.
2, 79, 1304981
List the prime factors of 5416934271.
3, 7, 53, 695281
List the prime factors of 49734372.
2, 3, 23, 367, 491
What are the prime factors of 1975764518?
2, 7, 13, 10855849
List the prime factors of 135936091.
97, 1401403
What are the prime factors of 2028091532?
2, 507022883
List the prime factors of 310528974.
2, 3, 7, 331, 3191
What are the prime factors of 111261735?
3, 5, 13, 63397
What are the prime factors of 403451569?
163, 2475163
List the prime factors of 47769178.
2, 23884589
What are the prime factors of 1744753535?
5, 7, 29, 35081
List the prime factors of 17418819.
3, 11, 527843
What are the prime factors of 5250504623?
7, 13, 191, 293, 1031
List the prime factors of 36452747.
36452747
What are the prime factors of 89258079?
3, 29752693
What are the prime factors of 10330094?
2, 2153, 2399
List the prime factors of 224448744.
2, 3, 13, 59, 89, 137
What are the prime factors of 900946641?
3, 7, 349, 122929
List the prime factors of 14325724.
2, 7, 511633
What are the prime factors of 308209082?
2, 17, 113, 80221
What are the prime factors of 164644042?
2, 82322021
What are the prime factors of 125373949?
1709, 73361
What are the prime factors of 48636679?
7, 13, 41113
What are the prime factors of 52990654?
2, 277, 95651
What are the prime factors of 817018749?
3, 90779861
List the prime factors of 4061294113.
15139, 268267
What are the prime factors of 1593204604?
2, 109, 233, 15683
List the prime factors of 509675447.
509675447
What are the prime factors of 2020320852?
2, 3, 11, 15305461
List the prime factors of 304786601.
7, 233, 186871
What are the prime factors of 215323474?
2, 107661737
What are the prime factors of 225828784?
2, 3347, 4217
List the prime factors of 738836732.
2, 3541, 52163
What are the prime factors of 1888295257?
22067, 85571
What are the prime factors of 821860778?
2, 31, 193, 68683
List the prime factors of 948510232.
2, 97, 1222307
List the prime factors of 113921365.
5, 173, 131701
List the prime factors of 236669959.
236669959
What are the prime factors of 76183542?
2, 3, 83, 50